4. Let v be x(5). What is the remainder when 42 is divided by l(v)?
20
Let s be 2/(((-1)/(-1))/1). Suppose 14 + s = w. Calculate the remainder when 46 is divided by w.
14
Calculate the remainder when 13 is divided by 1 + 4*(-4)/(-8).
1
Let j(i) = i**3 - i**2 - 2*i + 4. Let q = 19 - -5. Calculate the remainder when j(5) is divided by q.
22
Suppose -5*r - 5*x - 6 = 14, -r + 4 = -x. Suppose r = -4*s + 106 + 54. What is the remainder when s is divided by 14?
12
Let m(i) = i**3 - 8*i**2 - 16*i - 30. What is the remainder when 17 is divided by m(10)?
7
Let c(j) = -16*j**3 - 2*j**2 + 1. Let g = -3 + 2. What is the remainder when 27 is divided by c(g)?
12
Suppose -r + 6 = -4*f, -2*r + 30 = -0*r + f. Let a = -4 + 8. What is the remainder when r is divided by a?
2
Suppose 3*o = -6 - 0. What is the remainder when 46 is divided by o/(-7) + (-246)/(-21)?
10
Let r(i) = -i**2 - 11*i + 3. Let w = -9 - 1. What is the remainder when 23 is divided by r(w)?
10
Suppose -i + 2*t = -0*i - 17, -3*i - 4*t + 41 = 0. What is the remainder when 55 is divided by i?
10
Suppose 14 = 4*z - 3*r, 8*z - 3*z + 4*r - 2 = 0. Suppose 5*y - z*g - g = 41, -17 = -y + 5*g. Calculate the remainder when 12 is divided by y.
5
Let i = -14 + -26. What is the remainder when 38 is divided by (i/6)/((-4)/12)?
18
Suppose 2*b - 6*b + 140 = 0. What is the remainder when 209 is divided by b?
34
Suppose 4*h = 9*h - 340. Suppose -n = 3*n - h. Suppose 8*u - 3*u - 50 = 0. What is the remainder when n is divided by u?
7
Let l(i) = -i + 4. Let r be l(6). Calculate the remainder when r/((-3)/(4*3)) is divided by 3.
2
Let h be (-1)/2 - (-5)/2. Let q be 246 - (h + 0/(-2)). Suppose a + q = 5*a. Calculate the remainder when a is divided by 21.
19
Let h be -3*(-15)/(-9)*-4. Let c = h - 14. What is the remainder when c is divided by 4?
2
Let l be (-3)/(-4) - 6/(-24). Suppose 4*r = 5*a + 9, 0 = -2*a + a - l. Calculate the remainder when r/(-3) + (-110)/(-6) is divided by 10.
8
Let x be (-3 + 6 - 3)*-1. Suppose 0 = -2*c - x*c + 22. What is the remainder when 20 is divided by c?
9
Suppose 2*d + d + 2*n - 96 = 0, 3*n = 4*d - 145. What is the remainder when 61 is divided by d?
27
Let h(y) = -4*y**3 + 2*y**2 + 2*y + 6. Calculate the remainder when h(-2) is divided by 17.
8
Suppose -11 - 1 = 3*d. Let b(s) = 1. Let h(z) = 4*z - 6. Let x(g) = d*b(g) - h(g). What is the remainder when 28 is divided by x(-2)?
8
Let m be (-52)/(-5) + 2/(-5). Suppose -5*x = -80 + m. What is the remainder when 40 is divided by x?
12
Let v = 175 - 32. What is the remainder when v is divided by 36?
35
Let g(p) = p**2 + 4*p + 4. Let f(l) = -2*l - 9. What is the remainder when f(-5) is divided by g(-3)?
0
Suppose -180 = -4*z - 3*a - a, -3*z + 125 = -2*a. What is the remainder when z is divided by 11?
10
Let j(z) = -z**3 - 7*z**2 - 3*z + 10. What is the remainder when 123 is divided by j(-7)?
30
Suppose 21 - 201 = -3*w. Calculate the remainder when w is divided by 16.
12
Suppose -g + 8 = g - i, -3*i = -5*g + 20. Calculate the remainder when 41 is divided by g.
1
Let r(f) = -f + 7. Let v be r(4). Let s = 7 + 3. Suppose -s - 50 = -v*g. What is the remainder when 39 is divided by g?
19
Suppose 8 - 2 = -3*j, 40 = 4*g - 2*j. Calculate the remainder when 43 is divided by g.
7
Let p(y) = -y**3 + 7*y**2 - 10*y + 4. What is the remainder when 21 is divided by p(4)?
9
Let h be 0/(2 - -1) + 32. Let c be h/(-6)*(-5 - -2). What is the remainder when 14 is divided by (-1 - 9/(-6))*c?
6
Suppose 5*d + 254 = 5*b + 4*d, 3*b = 4*d + 149. What is the remainder when b is divided by ((-18)/4)/((-2)/8)?
15
Suppose -i - 31 = -0*t + 2*t, -45 = 3*t + i. Let f = 60 + t. Calculate the remainder when f is divided by 12.
10
Suppose -4*t + 297 + 51 = 0. What is the remainder when t is divided by 23?
18
What is the remainder when 53 is divided by (72/120)/((-2)/(-60))?
17
Suppose -4*x = -i + 36, x + 5*i = -0*x - 9. Let n be 2/x - 168/(-27). Let t(l) = l - 5. What is the remainder when 1 is divided by t(n)?
0
Let d(v) = -3*v + 15. Calculate the remainder when d(-13) is divided by 14.
12
Let b be ((-4)/10)/((-2)/100). Let f = 28 - b. Let t = 5 - -18. Calculate the remainder when t is divided by f.
7
Let r(f) = f**2 + 8*f. Let n be r(-7). Let b = 13 + n. Let v(w) = w + 2. Calculate the remainder when v(b) is divided by 3.
2
Suppose -n + 16 = -3*n. Let v(b) = b**2 + 9*b + 9. What is the remainder when v(n) is divided by 1?
0
Let i(z) = z**3 + 16*z**2 + 13*z - 18. What is the remainder when 58 is divided by i(-15)?
10
Suppose -84 = -2*l - 4*l. What is the remainder when 67 is divided by l?
11
Suppose 0*b = -b + 18. Let k = 3 - b. Let r = -6 - k. What is the remainder when r is divided by 5?
4
Suppose 15 + 5 = 2*r - 4*w, 5*w = 0. Suppose 36*j = 33*j + 18. What is the remainder when r is divided by j?
4
Let s = 11 + -7. Suppose 2*v - 2 = s*q, 6*v - 4*v + 1 = q. Let a = q - -3. Calculate the remainder when a is divided by 2.
0
Let w be 3/(-12) + (-34)/(-8). Suppose 4*g - 5*f - 400 = -g, -w*g + 321 = -3*f. Calculate the remainder when 26 is divided by g/6 + 2/4.
12
Suppose 8 = -3*g + 7*g. Suppose 3*l = 6, 0*x + 5*l - 112 = -g*x. Calculate the remainder when x is divided by 13.
12
Let g(l) = -10*l + l + 0 - 1. What is the remainder when 22 is divided by g(-1)?
6
Let u(t) = -13*t - 6. Let v be u(-5). Suppose 3*r = 4*g - v, -g = -3*r + 5*r - 12. What is the remainder when 2 + 3*g/3 is divided by 6?
4
Suppose -5*w - 5*j + 90 = 0, 3*w - 4*j + j = 30. What is the remainder when 17 is divided by w?
3
Suppose y = -3*o + 2, o - 6*o - y = -6. Suppose -5*u - 4 = -3*u, 3*l + 2*u - 2 = 0. Let a(z) = z**2 - 1. Calculate the remainder when a(l) is divided by o.
1
Let p(g) = -g + 2. Let d(c) = -24*c**3 + 2*c**2 + c. What is the remainder when d(-1) is divided by p(-7)?
7
Let b(l) = l**3 + 2*l**2 + 2*l + 130. What is the remainder when b(0) is divided by 12?
10
Suppose h - 27 = 26. Suppose -3*w + 2*b = -2*b - 46, -b = -3*w + 43. Calculate the remainder when h is divided by w.
11
Suppose 0 = -i - 3*b + 8, -2*i - 1 = 3*b - 29. What is the remainder when 24 is divided by i?
4
Suppose -2*o = -3*o + 23. What is the remainder when o is divided by 10?
3
Suppose -2*t + 0*v + 20 = 2*v, -2*v = t - 11. What is the remainder when 15 is divided by t?
6
Let f = 67 + 56. What is the remainder when f is divided by 31?
30
Suppose 0 = s + 2, -3*z - 4*s - 10 = s. Let v = 20 + z. Calculate the remainder when 79 is divided by v.
19
Suppose -2 = 23*y - 24*y. Suppose -66 = -4*h - y*h. What is the remainder when 31 is divided by h?
9
Let q = 14 + -1. Let k = -73 - -150. Let i = -53 + k. Calculate the remainder when i is divided by q.
11
Suppose 5*w + 36 = -4*m, m + 0 = -w - 7. Let k(o) = -o**3 - 8*o**2 - o + 2. What is the remainder when 37 is divided by k(w)?
7
Let y = 0 + 11. What is the remainder when y is divided by 4?
3
Let f(k) = k**2 - 8*k + 6. Let t be f(6). Let x be (4 + 2)*(-44)/t. Let s = 66 - x. Calculate the remainder when 42 is divided by s.
20
Suppose -r - r = -5*p + 242, 0 = 2*p - 4*r - 84. Suppose c - p = -22. What is the remainder when c is divided by 10?
8
Let q = -3 + 6. Let u = 21 + -14. Calculate the remainder when u is divided by q.
1
Suppose 2*d - 28 = -0. Let o = 6 - 31. Calculate the remainder when 0 - (0 - -1)*o is divided by d.
11
Let i = 177 + -124. Calculate the remainder when i is divided by 19.
15
Suppose -h + 13 = 4*y, -1 = 4*h - 5. Calculate the remainder when 112/y + (-1)/3 is divided by 20.
17
Suppose 0 = -3*d + 3*h - 4*h + 26, -3*h = -2*d + 21. What is the remainder when (-173)/(-7) - (-6)/21 is divided by d?
7
Let y = -4 + 19. What is the remainder when y is divided by 6?
3
Suppose 3*l = -d + 21, 2*d + 21 = 3*l - 9. Calculate the remainder when l is divided by 5.
3
What is the remainder when 102 is divided by 17 - (-3 + 3 + -4)?
18
Suppose 3*x - 5*f + 7 = 5*x, -79 = -4*x + 3*f. Let h = 22 - x. Calculate the remainder when h is divided by 4.
2
Suppose 3 + 34 = c. Calculate the remainder when c is divided by ((-2)/(-6))/(0 + 1/39).
11
Suppose 11*z - 8 = 10*z + o, 0 = -3*o. Calculate the remainder when 14 is divided by z.
6
Suppose 4*o - 17 = -4*d - 1, 2*d = -4*o + 24. Let n = -34 + 49. Calculate the remainder when n is divided by o.
7
Let t = 11 - 11. Let s = -6 + 14. What is the remai